s - 10. Let p be j(0). What is the remainder when 20 is divided by v(p)?
9
Suppose -153*h = -149*h - 180. What is the remainder when 402 is divided by h?
42
Let h be 1*6/(-2)*6/9. Let n = h - -28. What is the remainder when 100 is divided by n?
22
Let l(c) = c**2 + 4*c - 3. What is the remainder when l(3) is divided by (-2)/2 + -24 + 36?
7
Suppose 130*v - 70*v = 25020. What is the remainder when v is divided by 17?
9
Suppose 55*j = 53*j. Suppose j = -b + 3*u + 10, 3*b - 42 = -4*u + u. What is the remainder when 2 + (47 - -1) + 1 is divided by b?
12
Suppose -75 = 3*s - 87. Let a(r) = 1. Let z(y) = y**2 + 9*y - 5. Let q(v) = -2*a(v) - z(v). Calculate the remainder when s is divided by q(-9).
1
Suppose -d = h + 3*h - 1, 5*h = 0. Suppose -j + d = -0*j. Calculate the remainder when -10*(j + 8/(-5)) is divided by 3.
0
Let j = 811 + -781. Calculate the remainder when j is divided by 20.
10
Suppose -694 = -7*r + 1455. What is the remainder when r is divided by 112?
83
Let r = -12 - -16. Suppose -5*p - 5*j + 110 = 0, p - 2*j - 18 = -r*j. Calculate the remainder when p is divided by 6.
2
Let r = -6 + 134. Suppose 0 = -6*g - 2*g + r. Calculate the remainder when g is divided by 9.
7
Let g = 1657 - 796. What is the remainder when g is divided by 72?
69
Let o(d) = -1 - 3*d**2 - 149*d - d**3 + 150*d - d**3. Let p be o(-4). Suppose 0 = r - 4*r + p. Calculate the remainder when 74 is divided by r.
24
Let u(o) = -26*o + 58. What is the remainder when u(-14) is divided by 107?
101
Let t(c) = -c**2 - 11*c - 8. Let m be t(-9). Let r = -3 + m. What is the remainder when r is divided by 2?
1
Let t = -151 + 195. Calculate the remainder when 140 is divided by t.
8
Suppose 9*q + 410 = 14*q. What is the remainder when q is divided by 21?
19
Suppose 5*k - 17 + 5 = -4*n, 0 = -3*n + k + 9. Suppose -52 = -2*f + 34. What is the remainder when f is divided by (9 - -2) + 12/n?
13
Let y(t) = 15*t - 11*t - 3*t - t**2 - 14*t + 55. Calculate the remainder when 21 is divided by y(-16).
0
Suppose 2*q + 18 = 5*d + 203, -2*q + 2*d + 170 = 0. Calculate the remainder when q is divided by 18.
8
Let m(p) = -2*p - 8. Let i be m(-6). Suppose 2*g - 5*d - 50 = 0, i*d = g + 4 - 23. Suppose 3*k - g = 28. What is the remainder when 40 is divided by k?
19
Let y(g) = -g**3 + 9*g**2 - 5*g - 11. Let p be y(6). Let o = 158 - p. What is the remainder when o is divided by 23?
22
Let s(a) = -7*a**2 - 6*a + 4. Let i(w) = w**2. Let v(c) = 6*i(c) + s(c). Let g be -2*((-8 - -8) + 10/4). What is the remainder when 43 is divided by v(g)?
7
Let n be (-1)/((-1 - 1)/4). Suppose -3*c + j - n*j = 0, -c = -j. Suppose -x + 0*x + 8 = c. Calculate the remainder when 21 is divided by x.
5
Suppose -2*f = 3*f - 490. Suppose -4*g + 2*g + f = 0. What is the remainder when g is divided by ((-18)/12)/((-3)/34)?
15
Let u(l) = -l**3 - 46*l**2 - 100*l - 84. Calculate the remainder when u(-44) is divided by 64.
60
Let x = 6 + -3. Suppose j + x*r = 4, j = -3*r + 2*r + 2. Calculate the remainder when 9*4/j + -2 is divided by 12.
10
Suppose -5*s = -2*s - 30. Let p(t) = -4*t - 3. Let d(f) = -3*f - 4. Let n(a) = -6*d(a) + 5*p(a). What is the remainder when n(-4) is divided by s?
7
Let p = -15 - -23. Calculate the remainder when 87 is divided by 46/10*(p + (-1 - 2)).
18
Let p(k) = k**3 + 7*k**2 + 5*k + 8. Let i be p(-6). Suppose 0 = -11*a + i*a - 90. Calculate the remainder when a is divided by 11.
8
Let i(j) = -5*j**2 + 2*j + 6*j**2 + 0*j - 5 + j. Let l be i(-10). Suppose -c + l = 2*s - 25, -5*c + 395 = -s. What is the remainder when c is divided by 27?
26
Let c(y) = -23*y - 237. What is the remainder when c(-15) is divided by 14?
10
Suppose 2*x = -0*x + f + 2, -f - 2 = 2*x. Calculate the remainder when -57*(-3 + 2 - 0) is divided by x - 15/25 - 103/(-5).
17
Let q(z) = z**2 + 6*z + 1. Let v be q(-5). What is the remainder when 40 is divided by (-12)/(-15)*(-70)/v?
12
Let j(i) be the second derivative of 5*i**3/6 + 9*i**2 - 11*i. What is the remainder when j(6) is divided by 25?
23
Suppose p + 5*q = 55, -7 = p + q - 54. Let r = -60 - -190. What is the remainder when r is divided by p?
40
Let r(f) = 3*f**2 - 4*f**3 - f - 4*f**2 + f**3. Let a be r(-2). Let g = a - 1. What is the remainder when g is divided by 12?
9
Suppose -3*l + 264 = -45. Suppose -4*i + t = -2*t - 156, i + 3*t - 39 = 0. What is the remainder when l is divided by (-24)/(-18)*i/2?
25
Let x = -20 - -25. Let y = 10 + x. Suppose 0 = -z + 2*z - 57. Calculate the remainder when z is divided by y.
12
Let p(q) = 4*q**2 + 5. Let z = -30 + 15. Let j be 5*3/z*4. What is the remainder when p(j) is divided by 18?
15
Suppose 0 = 3*w - 2*w - 97. What is the remainder when w is divided by 50?
47
Suppose -4*q + 26 = 6. Suppose 104 = q*i - 3*i. What is the remainder when i is divided by 18?
16
Suppose 2*l - 6*l - a - 144 = 0, a = 0. Let h be ((-10)/3)/(6/l). Let r = -7 + h. What is the remainder when 23 is divided by r?
10
Let b(t) = t**3 - t**2 + 13*t - 86. Calculate the remainder when 262 is divided by b(4).
10
Suppose 3*b - 12 = -0*b. Let v(k) = k**2 + 2*k + 6. Suppose 22*z = 17*z - 20. Calculate the remainder when v(z) is divided by b.
2
Let x(d) = 3*d + 10. Let o(t) = 4*t + 11. Let b(j) = -4*o(j) + 5*x(j). Let m be b(3). Suppose -m*h + h = -200. Calculate the remainder when h is divided by 34.
32
Let t(d) = -d**2 - 6*d + 48. Calculate the remainder when 112 is divided by t(-7).
30
Suppose 2*d + 0 = 4*w + 32, -w = 5. Suppose d*l - 42 = 6. Calculate the remainder when 63 is divided by l.
7
Let j(l) = -l**3 + 12*l**2 + 27*l + 18. What is the remainder when 7 is divided by j(14)?
3
Suppose 4*y + 21*b - 22*b - 199 = 0, -2*y = 4*b - 86. Suppose 0*j + 75 = 5*j. What is the remainder when y is divided by j?
4
Suppose b + 10 = 7. Suppose 8*v = 7*v + 66. Calculate the remainder when v is divided by (23/(-3))/(1/b).
20
Suppose 2*w - 3 = -n, 0 = 4*w - 3*n + 16 + 3. What is the remainder when 69 is divided by 6/(-4)*(5/w - 19)?
33
Let y = 42 + -18. Suppose -122*i - 683 + 6295 = 0. Calculate the remainder when i is divided by y.
22
Let v(l) = -l**3 - 7*l**2 - 11*l - 3. Let b be v(-5). Suppose -6*c = -b*c - 80. Calculate the remainder when 73 is divided by c.
13
Calculate the remainder when 61 is divided by 2 - (2 - 1)/(-1).
1
Let n(m) = 12*m + 65. Let q = 17 - 12. Suppose -31 = -4*p + q. What is the remainder when p is divided by n(-5)?
4
Suppose -113 = -3*m - 17. What is the remainder when m is divided by (-184)/(-32) - (2 - (-52)/(-16))?
4
Let t = -64 + 88. Calculate the remainder when 91 is divided by t.
19
Let p(v) = -v**3 - 17*v**2 + v + 7. Let m be p(-15). What is the remainder when m/(-4) + (-54)/36 is divided by 58?
55
Calculate the remainder when ((-503)/(-3) - 1)*36/30 is divided by 67.
66
Suppose -275 = 14*z - 19*z + 3*c, -4*c = -20. What is the remainder when 289 is divided by z?
57
Suppose 2*d = -4*o - 5 + 13, -5*d = -5*o - 20. Suppose -4*k + 9 = -3*p + 23, 22 = p + 3*k. What is the remainder when p is divided by d?
2
Let t(d) be the second derivative of 1/3*d**4 + 0 + 9*d - 1/3*d**3 - 1/20*d**5 + 3/2*d**2. Calculate the remainder when 16 is divided by t(3).
4
Let a = -336 + 700. What is the remainder when a is divided by 22?
12
Let x(q) = -q**3 + 14*q**2 + 16*q - 11. Let y be x(15). What is the remainder when 120 is divided by (y - 0) + 37 + 0?
38
Let v = 25 - 21. Suppose d + 0*d - v = 0. Suppose 3*r = -t + 34, -r = t - d*t - 18. Calculate the remainder when 23 is divided by r.
11
Let q = 72 - 38. Suppose 17*r - 15*r = q. What is the remainder when r is divided by 5?
2
Suppose 5*d + 64 - 365 = -4*w, 123 = 2*d - w. Suppose 3*v - 51 = -4*b, v - 2*b - 63 = -36. Calculate the remainder when d is divided by v.
19
Suppose 300 = 21*k - 519. What is the remainder when k is divided by 10?
9
Let h = 2 + 236. Calculate the remainder when h is divided by 40.
38
Let v = 29 + -25. Suppose 19 = -v*f + 3. What is the remainder when 6/8 - 9/f is divided by 1?
0
Let b be 5/(3 - 39/18). Let c = b - -9. Calculate the remainder when 43 is divided by c.
13
Let o(g) = -6*g - 1. Let l be o(-1). Suppose -375 = -18*x + 3*x. Calculate the remainder when 371/l - (-5)/(-25) is divided by x.
24
Let u = 35 - 12. Let q(x) = 5*x**2 + 2 - 3 - 18*x - 6*x**2 - 4. Calculate the remainder when u is divided by q(-